*x + 5*a - 25 + 10, 0 = 4*x - a - 27. What is the greatest common divisor of x and 66?
6
Let j(y) = y**3 - 3*y**2 - 3*y + 1. Let w be j(4). Suppose -w*g + 59 = 14. What is the highest common divisor of g and 3?
3
Let b = -3 - -8. Suppose -2*a - 4*k = -26, 0*a - k = 3*a - 44. Let g = a - -10. Calculate the greatest common factor of b and g.
5
Suppose -24 - 472 = 2*b - r, -5*r + 512 = -2*b. Let n = b + 152. Let t = 134 + n. What is the greatest common factor of 5 and t?
5
Let q(g) = 11*g - 21. Let v be q(7). Calculate the highest common divisor of v and 16.
8
Suppose 0 = 5*l - u - 22, -2*l + 0*u + 4*u = 2. Calculate the highest common factor of 10 and l.
5
Let d(a) = -2*a + 2. Let t be d(-8). Calculate the greatest common divisor of 90 and t.
18
Suppose -5*v - 2*m - 2*m = -732, 438 = 3*v + 2*m. What is the highest common divisor of v and 18?
18
Suppose -2*u + 34 = 3*j - j, 4*j + 58 = 3*u. Calculate the greatest common divisor of u and 2.
2
Let m be ((-19)/4)/(2/(-8)). Suppose 14 + m = p. Let u(j) = j**3 - 3*j**2 - 4*j + 3. Let w be u(4). Calculate the highest common divisor of w and p.
3
Let a(o) = o**2 + 3*o + 1. Let d be a(-4). Let l be (-60)/25 + 2/d. Let j be 1 + 8 + (l - -2). Calculate the greatest common factor of j and 45.
9
Suppose 0 = -7*n + 35 + 203. Calculate the highest common factor of n and 85.
17
Let b be 1 + -4*(-1)/2. Suppose b*p = -x + 68, 0*x + x = -2*p + 45. Suppose w + 3*f = -3*w + p, -3*w + 5*f = 19. What is the greatest common divisor of 2 and w?
2
Let r(m) = -m**2 + 5*m + 6. Let w be r(6). Let t be (1 - w) + 0 + 8. Calculate the greatest common divisor of t and 63.
9
Let p(o) = 3*o + 28. Let f be p(-9). Calculate the highest common divisor of f and 9.
1
Let u be (-2 - -6)/(-4) + 15. Suppose -u + 62 = 4*t. What is the greatest common divisor of 60 and t?
12
Let t be 406/35 - (-4)/10. Let r be t*(-2)/10*-5. What is the greatest common factor of 12 and r?
12
Let o be 12/(-10)*-5 - 2. Calculate the highest common factor of 2 and o.
2
Let s = 7 + -3. Suppose 2*z - 5*z = 9. Let l be z*s/(-6) + 52. What is the greatest common divisor of l and 36?
18
Let l = -44 - -48. Calculate the highest common factor of 2 and l.
2
Let u = 248 + -173. Suppose -2*j - 3*j + 153 = 3*t, 4*j = 5*t + 115. What is the greatest common divisor of u and j?
15
Let m = -8 - -4. Let u(c) be the first derivative of -3*c**2 + 4*c + 1. Let q be u(m). Calculate the highest common factor of 4 and q.
4
Let s = 6 + -2. Suppose 4 + 4 = s*l. What is the highest common factor of l and 10?
2
Let l(n) = n + 1. Let d be l(12). Suppose a - 2*r - d = 0, 0*a + 17 = a - r. What is the highest common factor of 14 and a?
7
Let o be (-4)/1*(-5 + 33/12). Calculate the greatest common divisor of o and 9.
9
Let k be 17 + ((-6)/3 - -2). Suppose -3*c + k = -4. Suppose 68 = c*f - 3*f. Calculate the highest common divisor of f and 119.
17
Let j be (2 + (-38)/4)*-2. Suppose 4*o + 3 = -0*p + p, -4*o - 5 = p. Let r be (-4)/(-2) - o - -2. What is the highest common factor of j and r?
5
Let s = -42 + 44. What is the greatest common divisor of s and 5?
1
Suppose 3825 - 1260 = 19*g. Calculate the greatest common divisor of 9 and g.
9
Let g be 65*(-1 - (-14)/10). Calculate the greatest common divisor of 234 and g.
26
Suppose 0 = 3*p - 2*p - 24. What is the greatest common factor of p and 12?
12
Let z be 81/9 - (-1 - 3). What is the highest common factor of 52 and z?
13
Let z = -2 - -4. Let q(w) = -3*w + 25*w**2 - 2*w**2 + w**2. Let l be q(z). What is the highest common factor of l and 9?
9
Let p = 4 - 2. Suppose 2*q = p + 8. Suppose 6*f = f + w + 38, 2*f = -q*w + 26. Calculate the greatest common divisor of 2 and f.
2
Let j(n) = 2*n**2 + n - 1. Let f be j(-3). Let v(t) = -t + 3. Let k be v(8). Let l be 1 + (112 - (-4 - k)). What is the greatest common divisor of l and f?
14
Let p be 2/(3/((-9)/2)). Let h be -1*(-3)/p*-6. Calculate the greatest common divisor of 18 and h.
6
Suppose -2*z = -7*z. Let x = z - 3. Let t be ((-36)/(-30))/(x/(-10)). What is the greatest common divisor of 6 and t?
2
Let w = -61 - -68. What is the greatest common factor of w and 21?
7
Suppose d - 4 - 9 = -5*g, -4*g = d - 10. Suppose -2*b + 3*w + 26 = 4*w, 0 = g*b + 4*w - 49. What is the highest common divisor of 121 and b?
11
Let u = 2 + 3. Suppose 4*s + 12 = 0, 2*s = -0*p - u*p + 144. What is the greatest common divisor of p and 10?
10
Let g be (18/24)/((-3)/(-144)). What is the greatest common factor of g and 12?
12
Let r be ((-18)/(-6))/(-9) - (-38)/6. Calculate the greatest common factor of r and 54.
6
Suppose -8 = -80*j + 78*j. Let m = 9 + -5. Calculate the highest common factor of m and j.
4
Suppose -61 - 23 = -4*p. Suppose -4*s = -7*s + p. Let t be (57/21 - (-6)/21) + 25. What is the greatest common divisor of s and t?
7
Let x(l) = -l - 8. Let j be x(-8). Suppose 3*p + 5*f - 4 = j, -15 = -p - 3*p + 3*f. Calculate the highest common divisor of p and 6.
3
Let j(w) = w**2 + 7. Let x be j(-7). Let z = -1 + -11. Let i be (z/(-10))/(6/40). Calculate the highest common divisor of x and i.
8
Let m be (-1)/4 - (-642)/8. Suppose -23*u + 19*u + 64 = 0. What is the highest common factor of m and u?
16
Suppose -f - 2*f = -3*a - 24, 20 = 2*f - 4*a. What is the greatest common divisor of f and 6?
6
Suppose m + 4*m - 15 = 0. Calculate the highest common factor of m and 24.
3
Let h(t) be the second derivative of -19*t**3/6 + t**2/2 + 5*t. Let z be h(-1). What is the greatest common factor of z and 20?
20
Let a(d) = d**3 + 4*d**2 - d - 2. Let x be a(-6). Let z = -188 - x. Let w = 241 + z. What is the highest common factor of 11 and w?
11
Suppose 0 = 5*a - 5*x + 15, 4*a + 1 = 5*x - 10. Let l be -2 + a/(-2) - -14. Suppose 2*c - 34 = l. Calculate the highest common divisor of 60 and c.
12
Suppose -18 = i - 3*i. Let o be ((-12)/18)/(2/(-15)). Suppose 0*n = -u - n + 49, -o*n + 65 = u. What is the greatest common factor of i and u?
9
Suppose 0 = -2*w - 5 + 29. Let q be (w + 0)/1 - 0. Suppose -7 = -u + 5. What is the highest common divisor of u and q?
12
Let b be 51 + -6*(-4)/(-8). Suppose 5*q - 2*q = b. What is the greatest common factor of q and 40?
8
Let m(h) = h**2 + 4*h - 7. Let g be m(7). What is the highest common divisor of 28 and g?
14
Suppose i = 24 + 7. Calculate the highest common divisor of i and 279.
31
Let l(a) = a**2 + 5*a - 4. Suppose 2*f + 13 = f. Let m be l(f). Calculate the greatest common divisor of m and 40.
20
Let u = 113 + -83. What is the greatest common divisor of 10 and u?
10
Let o(l) = 8*l - 20. Let q be o(19). Suppose 4*a - 36 = a. What is the highest common factor of q and a?
12
Suppose 7*f = 4*f + 5*u + 24, 5*f = 4*u + 27. Let q be f/(1*(-3)/(-10)). Suppose -r = -a + 5, -4*r = r + 5. What is the highest common factor of q and a?
2
Let k = -20 + 23. Calculate the greatest common divisor of 3 and k.
3
Suppose 0 = 5*a - 4*g - 1349, 0 = -4*a + 3*g + 451 + 629. Calculate the highest common divisor of 39 and a.
39
Let a(t) be the first derivative of t**3/3 - 2*t**2 + 6*t - 3. Let b = 11 - 7. Let l be a(b). Calculate the greatest common factor of l and 12.
6
Let j = -112 - -73. Let o = 131 + -66. Let b = o + j. What is the greatest common divisor of 13 and b?
13
Let t(x) = x + 16. Let n be t(-2). Let d(q) = 24*q + 6. Let l be d(5). What is the greatest common divisor of n and l?
14
Suppose z = 47 + 7. Let b = 3 + 15. What is the highest common divisor of b and z?
18
Let f be ((-9)/4)/((-3)/4). What is the greatest common factor of 3 and f?
3
Let r(o) = 4*o - 11. Let z be r(5). Suppose 0 = -s + 2*s + 1. Let u = 5 - s. What is the highest common divisor of u and z?
3
Suppose m + 240 = 4*b + 5*m, -5*b + 268 = -3*m. Suppose 4*p = 2*q - 42, 2 + 3 = -5*q. Let u = p - -18. What is the highest common factor of b and u?
7
Let x be (-462)/9*18/(-3). Suppose -a = -3*a + x. What is the greatest common divisor of 14 and a?
14
Let v = -7 - -26. Let w(r) = -r**3 - 5*r**2 + 2*r - 5. Let s be w(-6). What is the greatest common factor of s and v?
19
Let u be (-8)/(-56) + 139/7. What is the greatest common divisor of u and 180?
20
Let u(s) be the second derivative of -s**5/20 - 5*s**4/12 - s**3/2 - 7*s**2/2 + s. Let a be u(-5). Calculate the highest common divisor of 16 and a.
8
Suppose 5*j = 483 + 367. What is the greatest 